(y) = -4*y - 3. Suppose r + r - 4*z = -6, r - 9 = -2*z. Let v(i) = -1. Let t(f) = r*v(f) - g(f). What is t(-1)?
-4
Let i(y) = -39 + 11 + 21 + y. What is i(6)?
-1
Suppose -33 = -26*i + 29*i - 3*p, -15 = i + p. Let r(d) = -d**2 - 12*d + 3. Determine r(i).
-10
Suppose 4*i = 7 + 5. Suppose -i*p = -10 + 7. Let a(y) = -6*y**3 + y**2. Give a(p).
-5
Let i(n) be the third derivative of n**6/120 - n**5/12 - 5*n**3/6 + 21*n**2. What is i(5)?
-5
Let v = 52 - 22. Let y = -39 + 69. Let w(o) = -y + v - o. Give w(1).
-1
Let d(k) = -70 + k**2 + 151 - 73 + 7*k. Give d(-7).
8
Let t(w) be the second derivative of w**8/6720 - w**7/420 - 7*w**6/720 + w**5/40 - 3*w**4/4 + 4*w. Let a(s) be the third derivative of t(s). Calculate a(7).
3
Let q(s) be the first derivative of -s**4/4 - 10*s**3/3 - 4*s**2 + 12*s - 6. Let n be q(-9). Suppose 2 = -n*v - 10. Let r(p) = p**2 - 4. Give r(v).
12
Let a(b) = -12*b**2 - 4*b + 13. Let q(m) = -6*m**2 - 2*m + 5. Let p(i) = -2*a(i) + 5*q(i). What is p(-1)?
-5
Let g = 12 - 11. Let s be ((-1)/2*-6)/g. Let k(n) = 0 + 4*n - s - 3*n - 2*n. Determine k(-5).
2
Suppose -3*l = -13 + 16. Let k(b) = -4*b**2 - 6*b + 8. Let u(p) = -3*p**2 - 5*p + 7. Let o(t) = -6*k(t) + 7*u(t). Calculate o(l).
3
Let y(x) = -4*x**2 - 3*x. Let h(w) = -w**3 + 4*w**2 - 3*w - 9. Let r be h(4). Let j be (7/(r/(-6)))/(-1). Calculate y(j).
-10
Let s(i) = -2 + 9*i + 3*i + 105*i**2 - 104*i**2 + 3*i. What is s(-15)?
-2
Let b(t) = -4*t - 12. Let x(f) = -8*f**2 - 15*f - 2. Let p be x(-2). What is b(p)?
4
Let s(v) be the third derivative of -v**8/20160 - v**7/2520 + v**6/720 - 17*v**5/60 - 11*v**2. Let c(w) be the third derivative of s(w). Calculate c(-4).
-7
Suppose 5*d + 7 + 8 = 0. Let r(m) = 573*m - 2 - 567*m + 5 - 6 - 1. Determine r(d).
-22
Let a(o) = -5*o**3 - 15*o**2 + 6*o - 20. Let b(y) = -y**3 - y**2 - 3. Let l(x) = -a(x) + 6*b(x). Give l(8).
18
Let m(p) = 3*p + 0*p**3 - p**3 + 11*p**2 + 4*p + 5 - 17*p. What is m(10)?
5
Let y = -41 - -46. Let m(r) = -r**3 + 4*r**2 + 2*r + 12. Let w be m(y). Let g(s) = -s**3 - 4*s**2 - s + 1. What is g(w)?
-5
Let h(t) = -3*t - 6. Let m be (4/3)/((-2)/(-36)). Let v be 2/6*m/(-2). What is h(v)?
6
Let u(p) = p + 36. Let o be u(-36). Let k(y) = -2*y - 4. Determine k(o).
-4
Let r(c) = c**3 - 11*c**2 + 13*c - 7. Let k(u) = 2*u**3 - 13*u**2 + 16*u - 8. Let f(g) = 5*k(g) - 6*r(g). Give f(-1).
-3
Let u(i) = -9*i**2 + 2. Let m(a) = -11*a**2 - a + 2. Let y(p) = 4*m(p) - 5*u(p). What is y(3)?
-5
Let s(w) = -w**3 + 10*w**2 - 9*w - 12. Let n = -249 - -258. Calculate s(n).
-12
Let m(h) = 6*h**3 + 4*h**2 + 6*h + 15. Let t(g) = -2*g**3 + 5*g**2 + 20*g - 13*g + 15 + 9*g**3. Let z(x) = -6*m(x) + 5*t(x). Determine z(0).
-15
Suppose -i + 18 = i. Suppose -25 + i = 4*a. Let t(x) = -x**2 - 5*x - 1. Determine t(a).
3
Let v be 297/(-243) + 6/27. Let m(w) = -w**2 + w. Let b(x) = 10*x**2 - 7*x. Let h(l) = b(l) + 6*m(l). Calculate h(v).
5
Let w(p) = -33*p - 163*p + 201*p. Suppose 0 = -b + 3*n + 7, 0*b - n = b + 5. Determine w(b).
-10
Let o(n) = 6*n**2 - 2*n**2 - 2*n**3 + 3 + 3*n**3 + 4*n + n. Let c(y) = 5*y - 6. Let b(z) = 4*z - 6. Let d(x) = -4*b(x) + 3*c(x). Let a be d(9). What is o(a)?
-3
Suppose 8*n = 37 - 13. Suppose 25 + 9 = n*f - 5*m, -2*m = -2*f + 16. Let z(q) = 6*q - 1. Give z(f).
17
Let a(l) be the second derivative of 0 + 1/20*l**5 + 7/6*l**3 + 1/2*l**2 + 7/12*l**4 - 8*l. Calculate a(-5).
16
Let m(q) = q**3 - 2*q**2 + q. Let v be m(0). Suppose -w + 7 - 8 = v. Let c(s) = 11*s**3 + 1. What is c(w)?
-10
Let i = 165 - 160. Let y(x) = x**3 - 4*x**2 - 4*x + 10. Determine y(i).
15
Let x(w) = 3*w**3 - 2*w**2 - 4*w - 19. Let l(d) = 2*d**3 - d**2 - 3*d - 13. Let y(c) = -7*l(c) + 5*x(c). Let s = 28 - 25. Determine y(s).
-1
Let c(l) = -l**3 + 14*l**2 + 34*l - 1. Let o be c(16). Let k(f) = -o*f**2 - 26*f**2 - f + 54*f**2 - f**3. Determine k(-3).
3
Let n(f) = -2*f + 14. Let t = -52 - -56. Let b be n(t). Let m(j) = j**2 - 5*j - 8. What is m(b)?
-2
Let i(r) = -r**2 - 9*r + 2. Let h be (-12)/(-18)*1*69/1. Suppose -h = 14*c + 52. Determine i(c).
16
Let l(w) = 10*w + 3. Suppose 2*b - b + n = 9, -3*n = 2*b - 23. Let i be (-4)/(-24)*b*-3. What is l(i)?
-17
Let m(j) = j**3 - 16*j**2 - j - 8. Let l(o) = -3*o**3 + 35*o**2 + 2*o + 17. Let t(s) = 2*l(s) + 5*m(s). Calculate t(-10).
4
Let c(n) = -5*n + 1. Let i be c(-1). Let r(p) = 2442*p - 4870*p + 2429*p. Calculate r(i).
6
Let f be 87/18 - (-1)/6. Suppose f*c - 2*c = 0. Let y(g) be the first derivative of g**2/2 - 5*g - 5. Determine y(c).
-5
Let q(h) = h**2 + 7*h + 7. Suppose -65 = -4*r + 17*r. Calculate q(r).
-3
Suppose 5*u + 80 = 25*u. Let f(q) = -q - 1. Let l(v) = 8*v + 1. Let h(r) = 9*r + 1. Let w(c) = -6*h(c) + 7*l(c). Let m(y) = 5*f(y) + 2*w(y). Give m(u).
-7
Suppose 3*y + 25 = 4*k, -8*k + 3*k = 2*y - 14. Let p(a) be the second derivative of a + 1/3*a**3 + 0 + a**2 + 1/12*a**4. Calculate p(y).
5
Let a(h) = -11*h - 2. Suppose -4*n = -69 - 35. Suppose 0 = 14*o + n + 2. Determine a(o).
20
Let z(h) = 4*h**3 + 17*h**2 + 10*h - 21. Let j(c) = -c**3 + c**2 - 4*c - 3. Let d(l) = -3*j(l) - z(l). Determine d(-20).
-10
Let v(b) = 5*b + 24. Let x(d) = d + 5. Let q(t) = 2*v(t) - 11*x(t). Let u = 31 + -27. Suppose c = u*c. Calculate q(c).
-7
Let o(t) = t + 1. Let k = 3 - 2. Let f(i) = -6*i**2 - 6*i - 3. Let c(b) = k*f(b) + 4*o(b). What is c(1)?
-7
Let g(b) = -2*b + 53050 + 3*b - 26525 - 26524. Let x(z) = 2*z - 7. Let i be x(5). Suppose t + 3 + i = 0. Calculate g(t).
-5
Let i be (648/20)/(-27)*10/(-1). Let j(d) = -3*d + 30. Determine j(i).
-6
Let s(q) = -3*q**2 - 3*q - 2. Let m be (-9)/((-9)/(-2))*1. Give s(m).
-8
Let k(f) = -16*f - 435. Let n be k(-27). Let d(s) = 13*s. What is d(n)?
-39
Let g = -103 + 106. Let z = -3 - -1. Let o(d) = d**2 + d + 2. Let u(s) = -2*s**2 - 3*s - 4. Let b(l) = z*u(l) - 5*o(l). Give b(g).
-8
Let j(o) = -o**2 - 7*o + 7. Let r be (18 - 0)/(14 - 15). Let g be r/(-12) - (-38)/(-4). Calculate j(g).
-1
Let t(h) = h - 2. Let r be t(-9). Let k = r + 6. Let b(p) be the second derivative of p**4/12 + 5*p**3/6 - 24*p. Give b(k).
0
Let h(b) = b**3 - 4*b**2 - 2*b. Let m = 10 + -4. Suppose -13 = -d + 3*i, -3*d - 4*i + m = -2*i. What is h(d)?
-8
Suppose 4*b = -a + 1 + 23, -3*b = -2*a - 18. Let p(w) = -w**2 + 4*w + 3. Calculate p(b).
-9
Let k(z) = 6*z**2 - 1. Let v = 499 + -498. Give k(v).
5
Let x(t) = -21*t + 4*t + 7*t + 2 - 5*t**2 + 8*t. Give x(1).
-5
Let z be 64/80*(0 + 15). Let u(v) = -2 - 5*v - v**2 + 3 + z*v. What is u(5)?
11
Let x(l) = -27 - 25 + 48*l + 41 - 44*l. Determine x(4).
5
Let r(h) = -2*h + 2. Let x(y) = y**3 + 13*y**2 + 14*y + 20. Let t be x(-12). Let g be (-2)/(-3) + t/(-3). What is r(g)?
-2
Let w(f) = 11*f**3 - 22*f**2 - 8*f - 5. Let u(v) = 13*v**3 - 26*v**2 - 9*v - 6. Let h(b) = 5*u(b) - 6*w(b). Calculate h(3).
0
Let a(t) = 6*t + 44. Let h be a(-6). Let s(m) = m**2 - 9*m. What is s(h)?
-8
Let d(z) be the second derivative of 0*z**5 + 4*z**2 + 1/6*z**3 + 1/120*z**6 - 3*z - 1/24*z**4 + 0. Let k(w) be the first derivative of d(w). Calculate k(0).
1
Let x(t) = 2*t**2 + 8*t + 5. Let i be x(-4). Let q(h) = -i*h - 2*h + 2*h - 5 + 3*h. Suppose -k = -5 + 1. Give q(k).
-13
Let p(a) be the first derivative of -a**2 - 2*a - 27. Suppose j = 6*j - 35. Calculate p(j).
-16
Let f(r) = -32*r - 3. Let z(m) = 27*m + 4. Let a(n) = -6*f(n) - 7*z(n). Let v be 3*(42/(-9))/2. Calculate a(v).
-31
Let d(s) = -2*s + 1. Suppose -2*i - 13*t = -8*t + 15, -2*i + 5*t = -15. Determine d(i).
1
Let a(j) = j**2 - 3*j - 8. Let w be a(5). Let h(x) = 2*x**w - 8*x - 2*x**2 + x**2 - 3. Suppose -d + 2*l + 13 = -1, 2 = -d - 2*l. What is h(d)?
-15
Let j(g) be the third derivative of g**4/24 - 3*g**3/2 + 2*g**2 - 161*g. Give j(12).
3
Let i(u) = -3*u**3 - 29*u**2 - 23*u + 12. Let f(y) = -y**3 - 10*y**2 - 8*y + 4. Let o(w) = -17*f(w) + 6*i(w). What is o(-3)?
1
Let n(t) = -t**2 - 6*t - 6. Suppose -5*r + 3*v = -0*r - 90, 0 = r + v - 26. Suppose -5*i - 5*g = -85, 49 = 3*i - 0*g + 2*g. Let l = i - r. Give n(l).
-6
Let d(b) = -7*b - 6. Let m be d(-2). Let l be (-5)/3 - m/(-12). Let y(s) = -11*s**3 + s**2 + 2*s + 1. Determine y(l).
11
Let v(a) = -a**3 - a + 7. Let w = 24 + -18. Suppose l + w*l = 0. What is v(l)?
7
Let p be 8 + -3 + -3 - (-11 - -12). Let y(g) = 13*g**2 - g + 2. Determine y(p).
14
Let p(v) be the third derivative of -v**6/120 + v**5/15 + v*